2 + 19*z + 15. Determine c(2).
9
Let i(n) = 2*n**2 - 2126*n + 8481. Determine i(4).
9
Let x(u) = 2*u**3 - 176*u**2 - 365*u + 449. What is x(90)?
-1
Let s(t) = 18*t - 193. Determine s(10).
-13
Let p(r) = -111*r - 340. What is p(-4)?
104
Let z(u) = -3*u**3 - 9*u + 15. Determine z(2).
-27
Let s(a) = -5*a**2 + 206*a - 1991. Determine s(26).
-15
Let m(h) = 34*h**3 - 2788*h**2 + 2. Calculate m(82).
2
Let c(n) = -3*n**3 + 36*n**2 - 65*n + 61. What is c(10)?
11
Let s(l) = 4*l**2 - 123*l - 115. Calculate s(32).
45
Let u(o) = -o**3 + 179*o**2 - 355*o + 200. Calculate u(177).
23
Let s(b) = -2*b**3 + 18*b**2 + 3*b - 23. Determine s(9).
4
Let l(y) = -237*y + 1891. Determine l(8).
-5
Let s(a) = 10*a**2 + 161*a + 332. Determine s(-13).
-71
Let i(m) = 56*m - 11. Determine i(-2).
-123
Let y(p) = 48*p - 1871. Calculate y(44).
241
Let q(r) = -2*r**3 + 40*r**2 - 42*r - 42. What is q(19)?
-118
Let v(s) = 13*s**2 - 1817*s + 1813. Calculate v(1).
9
Let w(n) = -4*n**2 - 17*n + 12. Calculate w(-5).
-3
Let v(j) = -j**3 + 8*j**2 + 122*j - 1017. Determine v(9).
0
Let o(q) = 59*q - 1152. What is o(19)?
-31
Let l(h) = 2*h**3 - 112*h**2 + 318*h + 50. Determine l(53).
50
Let o(r) = r**2 + 53*r - 562. Determine o(-63).
68
Let a(h) = -h**3 + 4*h**2 + 330*h + 170. Give a(-16).
10
Let a(w) = 128*w - 179. Give a(1).
-51
Let a(c) = 103*c + 725. Give a(-7).
4
Let w(d) = d**2 - 24*d + 131. Determine w(0).
131
Let a(c) = 88*c**2 - 3*c + 1. Give a(1).
86
Let x(z) = 23*z - 108. What is x(6)?
30
Let t(s) = 57*s**3 + 912*s**2 - s - 54. What is t(-16)?
-38
Let u(a) = 40*a - 75. What is u(3)?
45
Let d(f) = -56*f - 149. Determine d(8).
-597
Let c(s) = -s**2 - 3*s + 11121. Give c(-107).
-7
Let b(r) = r**3 + 57*r**2 - 56*r + 129. Determine b(-58).
13
Let x(o) = -105*o - 8819. Give x(-84).
1
Let a(x) = x**2 + 5*x - 328. Calculate a(16).
8
Let d(n) = n**3 - 6*n**2 - 74*n + 212. Determine d(3).
-37
Let f(d) = -d**2 + 62*d + 113. What is f(64)?
-15
Let r(j) = -3*j**2 - 85*j - 421. Calculate r(-6).
-19
Let q(a) = -a**3 + 14*a**2 + 16*a - 17. Calculate q(15).
-2
Let n(f) = f**3 + 38*f**2 - 13. Give n(-38).
-13
Let h(j) = 685*j + 74663. Determine h(-109).
-2
Let d(u) = -u**2 + 515*u - 1037. Calculate d(2).
-11
Let w(a) = 16349*a + 49051. What is w(-3)?
4
Let m(b) = 2*b**2 - 79*b - 355. Give m(-4).
-7
Let b(q) = 67*q + 250. What is b(-2)?
116
Let q(i) = -1059*i + 4232. Calculate q(4).
-4
Let j(h) = -8*h**3 + 15*h**2 - 51*h + 108. What is j(2)?
2
Let u(d) = -611*d + 2457. What is u(4)?
13
Let c(q) = -3*q - 2. Give c(13).
-41
Let b(k) = -49*k + 6120. Give b(125).
-5
Let p(m) = m**3 + 3*m**2 - 51*m - 67. Determine p(-8).
21
Let d(h) = -5*h**2 - 3260*h - 16170. Give d(-5).
5
Let w(k) = -87*k - 352. Give w(-4).
-4
Let i(l) = 72*l + 200. Determine i(-3).
-16
Let l(x) = x**3 - 4*x**2 + 1248*x - 4996. Determine l(4).
-4
Let q(p) = -206*p + 20817. Determine q(101).
11
Let i(s) = s**2 - 6*s + 3. What is i(6)?
3
Let g(s) = -s**3 + 18*s**2 - 91*s + 112. Determine g(11).
-42
Let p(a) = -79*a + 999. What is p(9)?
288
Let i(b) = -b**3 + 30*b**2 + 53*b - 638. Determine i(31).
44
Let m(h) = -h**3 + 61*h**2 - 278*h - 127. Give m(56).
-15
Let h(x) = x**2 + 38*x + 251. Determine h(-8).
11
Let s(g) = 178*g + 691. Determine s(-5).
-199
Let v(u) = u**2 + 756*u - 6116. Calculate v(8).
-4
Let v(g) = 24*g**3 - 3*g**2 - 44*g + 46. Give v(1).
23
Let k(h) = -25*h - 736. Give k(-30).
14
Let q(j) = 2*j**2 - 21*j + 6. Calculate q(11).
17
Let a(m) = -m**3 - 33*m**2 - 34*m + 698. Determine a(-31).
-170
Let y(n) = -n**3 - 22*n**2 - 75*n + 96. What is y(-16)?
-240
Let b(a) = -4*a + 425. Calculate b(100).
25
Let a(m) = -376*m + 4652. Calculate a(12).
140
Let f(s) = s**2 - 18*s + 64. Calculate f(11).
-13
Let i(g) = -20*g**3 + 2*g**2 + 2*g - 2. Determine i(1).
-18
Let r(u) = u**2 + 39*u + 167. What is r(-9)?
-103
Let m(k) = 3*k + 128. Give m(-26).
50
Let g(r) = 51*r**2 + 449*r - 86. Determine g(-9).
4
Let p(j) = j - 118. Determine p(11).
-107
Let u(p) = p**2 + 59*p + 568. What is u(-12)?
4
Let t(d) = d**2 - 53*d - 400. Calculate t(-7).
20
Let f(r) = 206*r**2 + 7415*r - 39. Calculate f(-36).
-3
Let q(z) = -z**3 + 20*z**2 - 33*z - 15. Give q(18).
39
Let x(p) = 31*p - 436. Give x(12).
-64
Let x(k) = 71*k**2 - 80*k + 8. Determine x(1).
-1
Let x(k) = 2*k**3 + 46*k**2 + 162*k + 190. Determine x(-19).
0
Let q(v) = -v**2 - 156*v - 3957. Determine q(-32).
11
Let l(q) = -q**2 + 94*q - 1716. Calculate l(65).
169
Let s(d) = -4*d**2 + 228*d + 226. Determine s(58).
-6
Let j(a) = 5*a**2 + 411*a - 340. Calculate j(-83).
-8
Let p(i) = -6*i**3 + 281*i**2 + 49*i - 94. Calculate p(47).
0
Let l(o) = 239*o + 1906. What is l(-8)?
-6
Let k(b) = 390*b - 27293. Give k(70).
7
Let d(c) = -8*c - 140. Determine d(-14).
-28
Let h(w) = w**3 - 6*w**2 - 22. Determine h(6).
-22
Let j(i) = 21*i - 229. What is j(10)?
-19
Let m(y) = 3*y**3 - y**2 - 22*y + 23. Determine m(0).
23
Let n(l) = l**3 - 10*l**2 + 13*l + 26. What is n(3)?
2
Let s(k) = 55*k**2 + 2*k + 4. Determine s(-2).
220
Let n(i) = -7*i**3 - 3*i**2 - 7*i - 309. What is n(0)?
-309
Let i(u) = u**3 + 34*u**2 + 153*u + 7. Determine i(-29).
-225
Let x(m) = 26*m**2 - 102*m + 49. Give x(3).
-23
Let z(t) = 187*t + 1338. Give z(-8).
-158
Let u(q) = -4*q**2 + 64*q - 17. Determine u(19).
-245
Let u(c) = 93*c + 2302. Give u(-25).
-23
Let w(h) = -h**2 - 3375*h + 13513. Calculate w(4).
-3
Let b(h) = h**3 - 14*h**2 + 2*h - 9. What is b(5)?
-224
Let d(a) = -a**3 + 15*a**2 + 19*a - 44. Determine d(16).
4
Let d(p) = p**3 - 11*p**2 + 6*p + 97. What is d(9)?
-11
Let m(d) = 285*d + 515. Calculate m(-2).
-55
Let t(c) = -c**3 - 19*c**2 + 5*c + 107. Give t(-19).
12
Let m(f) = 3629*f + 14511. What is m(-4)?
-5
Let f(h) = h**3 - 2*h**2 + 56*h - 102. Give f(2).
10
Let s(u) = -u**3 - 107*u**2 + 1830*u - 24. Determine s(-122).
-24
Let g(x) = 4*x**3 + 16*x**2 - 15*x - 55. Give g(-4).
5
Let j(n) = -5*n**3 - 30*n**2 + 48*n + 298. Give j(-6).
10
Let f(k) = 476*k + 1398. Determine f(-3).
-30
Let w(g) = -22*g**3 + 2*g**2 - 6*g - 6. What is w(-2)?
190
Let q(k) = 4*k**3 + 13*k**2 - 8*k - 9. Calculate q(-4).
-25
Let q(a) = 8*a**3 + 4*a**2 - 8*a + 35. Calculate q(-5).
-825
Let p(s) = -1219*s + 6123. Calculate p(5).
28
Let h(v) = 2*v**2 + 19*v - 43. Determine h(-11).
-10
Let h(m) = 5*m**2 - 58*m - 119. Determine h(-6).
409
Let x(i) = -i**2 - 83*i - 1377. What is x(-60)?
3
Let o(z) = 10*z - 96. Determine o(19).
94
Let v(n) = n**2 - 15*n + 30. Determine v(11).
-14
Let b(w) = 117*w**2 - 182*w - 81. Give b(2).
23
Let y(q) = q**3 + 10*q**2 + 10*q - 59. Determine y(0).
-59
Let k(s) = -9*s - 244. What is k(5)?
-289
Let p(y) = -1158*y + 22007. What is p(19)?
5
Let j(s) = 3*s**2 - s + 2. Give j(2).
12
Let m(q) = -3*q**3 + 22*q**2 + 14*q - 123. Determine m(9).
-402
Let p(z) = -325*z - 6. Give p(0).
-6
Let p(r) = -37*r - 1717. Determine p(-36).
-385
Let j(t) = -2*t**2 + 56*t + 605. Determine j(-9).
-61
Let g(o) = -39*o + 29. Determine g(-12).
497
Let s(h) = 5*h**3 - 274*h**2 - 32*h - 1256. Give s(55).
9
Let s(h) = h**3 + 47*h**2 + 278*h - 17. Determine s(-7).
-3
Let y(b) = -b**2 - 74*b + 2359. Give y(-96).
247
Let m(i) = -12*i**2 + 108*i + 22. Determine m(9).
22
Let u(f) = -14*f**2 - 439*f - 126. What is u(-31)?
29
Let m(o) = -o**3 - 9*o**2 - 4*o - 9. Calculate m(0).
-9
Let c(i) = i**2 + 14033*i - 42111. Calculate c(3).
-3
Let o(b) = b**2 + 267*b + 5945. Determine o(-25).
-105
Let m(y) = 4*y**2 - 422*y - 3167. Determine m(-7).
-17
Let m(j) = -j**3 - 32*j**2 + 31*j - 71. Determine m(-33).
-5
Let i(n) = 2*n**3 - 9*n**2 + 20*n - 29. Give i(3).
4
Let x(b) = -26*b**2 - 29*b - 60. Calculate x(-2).
-106
Let t(h) = -3*h**3 - 53*h**2 + 22*h + 21. Calculate t(-18).
-51
Let h(o) = -o**3 - 16*o**2 + 42*o + 7. Determine h(-18).
-101
Let j(i) = i**3 + 12*i**2 - 17*i + 25. Calculate j(-13).
77
Let h(x) = x**2 - 21*x - 38. Calculate h(12).
-146
Let b(p) = -50*p + 359. What is b(7)?
9
Let h(d) = -d**3 + 24*d**2 + 12*d + 65. Calculate h(25).
-260
Let u(g) = 8*g**2 - 26*g + 108. Give u(0).
108
Let x(u) = -5*u**2 + 101*u - 110. Determine x(19).
4
Let b(x) = -5*x - 20. What is b(-1)?
-15
Let m(l) = l**2 - 72*l + 50. Calculate m(0).
50
Let z(s) = -222*s + 327. Give z(1).
105
Let u(g) = -g**2 + 11*g + 25. What is u(-3)?
-17
Let r(k) = -9*k**3 + 16*k**2 - 64*k + 141. Determine r(2).
